92?
56
What is the remainder when 16889 is divided by 6?
5
Calculate the remainder when 20768 is divided by 75.
68
What is the remainder when 23447 is divided by 204?
191
What is the remainder when 29733 is divided by 113?
14
Calculate the remainder when 9750 is divided by 1533.
552
What is the remainder when 2316 is divided by 675?
291
What is the remainder when 2968 is divided by 1461?
46
Calculate the remainder when 59938 is divided by 40.
18
Calculate the remainder when 5806349 is divided by 46.
45
What is the remainder when 601341 is divided by 1738?
1731
What is the remainder when 164533 is divided by 628?
625
What is the remainder when 39098 is divided by 170?
168
What is the remainder when 190706 is divided by 10037?
3
What is the remainder when 1669 is divided by 232?
45
What is the remainder when 2221 is divided by 277?
5
Calculate the remainder when 8875 is divided by 27.
19
Calculate the remainder when 942 is divided by 75.
42
What is the remainder when 4002 is divided by 109?
78
What is the remainder when 4074 is divided by 779?
179
Calculate the remainder when 13514 is divided by 99.
50
What is the remainder when 120818 is divided by 120810?
8
What is the remainder when 7850 is divided by 7788?
62
Calculate the remainder when 7710 is divided by 90.
60
Calculate the remainder when 5770 is divided by 2.
0
Calculate the remainder when 9487 is divided by 10.
7
Calculate the remainder when 3953 is divided by 358.
15
What is the remainder when 325 is divided by 147?
31
Calculate the remainder when 10132 is divided by 727.
681
What is the remainder when 164377 is divided by 42?
31
What is the remainder when 11915 is divided by 3968?
11
Calculate the remainder when 405024 is divided by 150.
24
What is the remainder when 3841 is divided by 154?
145
What is the remainder when 1296536 is divided by 108044?
8
What is the remainder when 16637 is divided by 17?
11
What is the remainder when 11517 is divided by 11499?
18
What is the remainder when 2047572 is divided by 23?
20
What is the remainder when 18662 is divided by 1839?
272
What is the remainder when 80108 is divided by 82?
76
Calculate the remainder when 3226 is divided by 465.
436
Calculate the remainder when 4563 is divided by 1082.
235
Calculate the remainder when 3686 is divided by 99.
23
What is the remainder when 45326 is divided by 15103?
17
Calculate the remainder when 66476 is divided by 198.
146
What is the remainder when 636802 is divided by 12?
10
What is the remainder when 7126 is divided by 61?
50
What is the remainder when 124252 is divided by 31060?
12
What is the remainder when 3349 is divided by 20?
9
What is the remainder when 77490 is divided by 2583?
0
Calculate the remainder when 28865 is divided by 375.
365
What is the remainder when 431533 is divided by 15?
13
What is the remainder when 903 is divided by 64?
7
Calculate the remainder when 16919 is divided by 2819.
5
What is the remainder when 61453 is divided by 459?
406
What is the remainder when 6949 is divided by 154?
19
What is the remainder when 132360 is divided by 114?
6
Calculate the remainder when 38538 is divided by 344.
10
What is the remainder when 52830 is divided by 1226?
112
Calculate the remainder when 3198 is divided by 1591.
16
Calculate the remainder when 186614 is divided by 38.
34
What is the remainder when 6507 is divided by 110?
17
What is the remainder when 24542 is divided by 317?
133
Calculate the remainder when 559 is divided by 252.
55
What is the remainder when 38266 is divided by 29?
15
What is the remainder when 80037 is divided by 24?
21
Calculate the remainder when 17987 is divided by 7.
4
What is the remainder when 4393 is divided by 334?
51
Calculate the remainder when 2754 is divided by 29.
28
Calculate the remainder when 128861 is divided by 88.
29
What is the remainder when 1429 is divided by 89?
5
What is the remainder when 8681 is divided by 145?
126
What is the remainder when 54024 is divided by 33?
3
What is the remainder when 7001 is divided by 710?
611
Calculate the remainder when 9041 is divided by 2973.
122
Calculate the remainder when 122946 is divided by 135.
96
What is the remainder when 420 is divided by 207?
6
What is the remainder when 43512 is divided by 217?
112
Calculate the remainder when 13278 is divided by 823.
110
Calculate the remainder when 26197 is divided by 369.
367
Calculate the remainder when 1623118 is divided by 811559.
0
Calculate the remainder when 1279 is divided by 611.
57
Calculate the remainder when 2009 is divided by 73.
38
What is the remainder when 4108 is divided by 152?
4
What is the remainder when 28262 is divided by 42?
38
What is the remainder when 105322 is divided by 15043?
21
What is the remainder when 146564 is divided by 24?
20
What is the remainder when 875071 is divided by 904?
903
What is the remainder when 14345 is divided by 189?
170
What is the remainder when 5823 is divided by 2847?
129
What is the remainder when 919 is divided by 39?
22
Calculate the remainder when 32652 is divided by 351.
9
Calculate the remainder when 26683 is divided by 23.
3
What is the remainder when 24086 is divided by 31?
30
Calculate the remainder when 3492 is divided by 83.
6
Calculate the remainder when 2714 is divided by 147.
68
What is the remainder when 134932 is divided by 54?
40
Calculate the remainder when 1506 is divided by 181.
58
What is the remainder when 27012 is divided by 1080?
12
Calculate the remainder when 7586 is divided by 3758.
70
What is the remainder when 5734 is divided by 94?
0
Calculate the remainder when 13641 is divided by 681.
21
Calculate the remainder when 1297 is divided by 1286.
11
Calculate the remainder when 454159 is divided by 40.
39
Calculate the remainder when 639641 is divided by 17.
16
What is the remainder when 10389 is divided by 83?
14
What is the remainder when 2687 is divided by 100?
87
Calculate the remainder when 8960 is divided by 1017.
824
What is the remainder when 2830 is divided by 436?
214
What is the remainder when 47993 is divided by 15973?
74
Calculate the remainder when 6709 is divided by 61.
60
What is the remainder when 127334 is divided by 12733?
4
Calculate the remainder when 394984 is divided by 382.
378
Calculate the remainder when 151559 is divided by 253.
12
What is the remainder when 406530 is divided by 58?
8
What is the remainder when 8755 is divided by 803?
725
What is the remainder when 357207 is divided by 257?
234
What is the remainder when 2347 is divided by 339?
313
Calculate the remainder when 3277 is divided by 524.
133
Calculate the remainder when 55693 is divided by 1637.
35
Calculate the remainder when 30751 is divided by 303.
148
Calculate the remainder when 79523 is divided by 103.
7
What is the remainder when 100979 is divided by 37?
6
What is the remainder when 2445 is divided by 3?
0
Calculate the remainder when 101705 is divided by 28.
9
Calculate the remainder when 12811 is divided by 340.
231
Calculate the remainder when 187247 is divided by 606.
599
Calculate the remainder when 49211 is divided by 9841.
6
Calculate the remainder when 12594 is divided by 3146.
10
Calculate the remainder when 34144 is divided by 126.
124
What is the remainder when 16140 is divided by 286?
124
What is the remainder when 207016 is divided by 68998?
22
Calculate the remainder when 25616 is divided by 13.
6
Calculate the remainder when 144633 is divided by 48207.
12
What is the remainder when 35336 is divided by 60?
56
Calculate the remainder when 6136 is divided by 86.
30
Calculate the remainder when 16977 is divided by 15.
12
Calculate the remainder when 328105 is divided by 109367.
4
Calculate the remainder when 11813 is divided by 5.
3
What is the remainder when 173602 is divided by 629?
627
Calculate the remainder when 1627 is divided by 1125.
502
What is the remainder when 176867 is divided by 88429?
9
Calculate the remainder when 22554 is divided by 7.
0
What is the remainder when 79583 is divided by 79577?
6
Calculate the remainder when 59534 is divided by 405.
404
Calculate the remainder when 25849 is divided by 6424.
153
What is the remainder when 47736 is divided by 1986?
72
What is the remainder when 413 is divided by 49?
21
Calculate the remainder when 47044 is 